{"id":2376,"date":"2022-06-24T20:55:55","date_gmt":"2022-06-24T18:55:55","guid":{"rendered":"https:\/\/tokialai.eus\/educacion-infantil\/ei-arbes\/ei-arbes-proiektuak\/ei-arbes-espacio-exterior\/ei-arbes-baso-eskola\/"},"modified":"2022-06-24T22:16:18","modified_gmt":"2022-06-24T20:16:18","slug":"baso-eskola","status":"publish","type":"page","link":"https:\/\/tokialai.eus\/es\/ei\/arbes\/proyectos\/espacio-exterior\/baso-eskola\/","title":{"rendered":"EI ARBES BASO ESKOLA"},"content":{"rendered":"<p>[et_pb_section fb_built=\u00bb1&#8243; _builder_version=\u00bb4.16&#8243; custom_margin=\u00bb0px||||false|false\u00bb custom_padding=\u00bb0px||||false|false\u00bb locked=\u00bboff\u00bb global_colors_info=\u00bb{}\u00bb][et_pb_row _builder_version=\u00bb4.17.4&#8243; _module_preset=\u00bbdefault\u00bb global_colors_info=\u00bb{}\u00bb][et_pb_column type=\u00bb4_4&#8243; _builder_version=\u00bb4.17.4&#8243; _module_preset=\u00bbdefault\u00bb global_colors_info=\u00bb{}\u00bb][et_pb_divider show_divider=\u00bboff\u00bb _builder_version=\u00bb4.17.4&#8243; _module_preset=\u00bbdefault\u00bb global_colors_info=\u00bb{}\u00bb][\/et_pb_divider][\/et_pb_column][\/et_pb_row][et_pb_row _builder_version=\u00bb4.16&#8243; global_colors_info=\u00bb{}\u00bb][et_pb_column type=\u00bb4_4&#8243; _builder_version=\u00bb4.16&#8243; global_colors_info=\u00bb{}\u00bb][et_pb_text _builder_version=\u00bb4.17.4&#8243; _module_preset=\u00bbdefault\u00bb header_2_text_color=\u00bb#38761d\u00bb global_colors_info=\u00bb{}\u00bb]<\/p>\n<h2>BASO-ESKOLA<\/h2>\n<p style=\"text-align: left;\">Estamos integrados en la red de baso-eskola que gestiona el Ekogune de Toki Alai; los ni\u00f1os juegan, investigan y estudian en el bosque que hay detr\u00e1s de la escuela de Arbes.<\/p>\n<p>[\/et_pb_text][\/et_pb_column][\/et_pb_row][et_pb_row column_structure=\u00bb1_2,1_2&#8243; _builder_version=\u00bb4.17.4&#8243; _module_preset=\u00bbdefault\u00bb global_colors_info=\u00bb{}\u00bb][et_pb_column type=\u00bb1_2&#8243; _builder_version=\u00bb4.17.4&#8243; _module_preset=\u00bbdefault\u00bb global_colors_info=\u00bb{}\u00bb][et_pb_text _builder_version=\u00bb4.17.4&#8243; _module_preset=\u00bbdefault\u00bb header_2_text_color=\u00bb#38761d\u00bb hover_enabled=\u00bb0&#8243; global_colors_info=\u00bb{}\u00bb sticky_enabled=\u00bb0&#8243;]<\/p>\n<section id=\"h.6642371d03e3a179_3\" class=\"yaqOZd\">\n<div class=\"mYVXT\">\n<div class=\"LS81yb VICjCf\" tabindex=\"-1\">\n<div class=\"hJDwNd-AhqUyc-uQSCkd purZT-AhqUyc-II5mzb pSzOP-AhqUyc-qWD73c JNdkSc\">\n<div class=\"JNdkSc-SmKAyb\">\n<div class=\"\">\n<div class=\"oKdM2c Kzv0Me\">\n<div id=\"h.6642371d03e3a179_0\" class=\"hJDwNd-AhqUyc-uQSCkd jXK9ad D2fZ2 OjCsFc wHaque GNzUNc\">\n<div class=\"jXK9ad-SmKAyb\">\n<div class=\"tyJCtd mGzaTb baZpAe\">\n<h2 class=\"CjVfdc\">\u00bfQu\u00e9 es Baso-eskola?<\/h2>\n<p class=\"CDt4Ke zfr3Q\" dir=\"ltr\">El bosque se convierte en una herramienta para trabajar la independencia y la autoestima de los ni\u00f1os y ni\u00f1as y los contenidos que se trabajan son los integrados en el curr\u00edculo. Adem\u00e1s, la naturaleza tambi\u00e9n puede utilizarse para el aprendizaje de conceptos m\u00e1s abstractos, como las matem\u00e1ticas, la comunicaci\u00f3n o c\u00f3mo no, el cuidado y el respeto de la naturaleza.<\/p>\n<\/div>\n<\/div>\n<\/div>\n<\/div>\n<\/div>\n<\/div>\n<\/div>\n<\/div>\n<\/div>\n<\/section>\n<p>[\/et_pb_text][\/et_pb_column][et_pb_column type=\u00bb1_2&#8243; _builder_version=\u00bb4.17.4&#8243; _module_preset=\u00bbdefault\u00bb global_colors_info=\u00bb{}\u00bb][et_pb_video src=\u00bbhttps:\/\/tokialai.eus\/wp-content\/uploads\/2022\/06\/Baso-Eskola_Arbes.mp4&#8243; module_class=\u00bblwp-video-autoplay\u00bb _builder_version=\u00bb4.17.4&#8243; _module_preset=\u00bbdefault\u00bb border_width_all=\u00bb1px\u00bb border_color_all=\u00bb#a63476&#8243; global_colors_info=\u00bb{}\u00bb][\/et_pb_video][\/et_pb_column][\/et_pb_row][et_pb_row column_structure=\u00bb1_2,1_2&#8243; _builder_version=\u00bb4.17.4&#8243; _module_preset=\u00bbdefault\u00bb global_colors_info=\u00bb{}\u00bb][et_pb_column type=\u00bb1_2&#8243; _builder_version=\u00bb4.17.4&#8243; _module_preset=\u00bbdefault\u00bb global_colors_info=\u00bb{}\u00bb][et_pb_image src=\u00bbhttps:\/\/tokialai.eus\/wp-content\/uploads\/2022\/06\/Baso-eskola_mapa.jpg\u00bb alt=\u00bbBaso-eskola mapa\u00bb title_text=\u00bbBaso-eskola mapa\u00bb _builder_version=\u00bb4.17.4&#8243; _module_preset=\u00bbdefault\u00bb global_colors_info=\u00bb{}\u00bb][\/et_pb_image][et_pb_text _builder_version=\u00bb4.17.4&#8243; _module_preset=\u00bbdefault\u00bb hover_enabled=\u00bb0&#8243; sticky_enabled=\u00bb0&#8243;]<em>* Fuente: <a href=\"https:\/\/ekogunea.eus\/eu\/ekogunea\/baso-eskola\/3-71\/\" target=\"_blank\" rel=\"noopener\">ekogunea.eus<\/a><\/em>[\/et_pb_text][\/et_pb_column][et_pb_column type=\u00bb1_2&#8243; _builder_version=\u00bb4.17.4&#8243; _module_preset=\u00bbdefault\u00bb global_colors_info=\u00bb{}\u00bb][et_pb_text _builder_version=\u00bb4.17.4&#8243; _module_preset=\u00bbdefault\u00bb header_2_text_color=\u00bb#38761d\u00bb global_colors_info=\u00bb{}\u00bb]<\/p>\n<section id=\"h.6642371d03e3a179_7\" class=\"yaqOZd\">\n<div class=\"mYVXT\">\n<div class=\"LS81yb VICjCf\" tabindex=\"-1\">\n<div class=\"hJDwNd-AhqUyc-uQSCkd purZT-AhqUyc-II5mzb pSzOP-AhqUyc-qWD73c JNdkSc\">\n<div class=\"JNdkSc-SmKAyb\">\n<div class=\"\">\n<div class=\"oKdM2c Kzv0Me\">\n<div id=\"h.6642371d03e3a179_4\" class=\"hJDwNd-AhqUyc-uQSCkd jXK9ad D2fZ2 OjCsFc wHaque GNzUNc\">\n<div class=\"jXK9ad-SmKAyb\">\n<div class=\"tyJCtd mGzaTb baZpAe\">\n<h2 class=\"CjVfdc\">\u00bfCu\u00e1les son los beneficios de Baso-eskola?<\/h2>\n<p>Los beneficios que ofrece el modelo de escuela forestal son muchos. Otros son:<\/p>\n<p>Desarrollo de la lengua; se fomenta el di\u00e1logo a todos los niveles (alumnado, educador-alumno). Esta pedagog\u00eda de la escucha activa es b\u00e1sica para que los ni\u00f1os y ni\u00f1as sean conscientes de sus intereses y virtudes mientras se da un desarrollo emocional e intelectual.<\/p>\n<ul>\n<li>Comienzan las necesidades f\u00edsicas.<\/li>\n<li>Beneficios f\u00edsicos; los que une el movimiento con la presencia en el espacio natural.<\/li>\n<li>Beneficios mentales y cognitivos: el modelo de escuela forestal tranquiliza la ansiedad, el estr\u00e9s y otros problemas de los ni\u00f1os.<\/li>\n<li>Se trabaja la creatividad.<\/li>\n<li>Se promueve la igualdad porque los elementos del espacio natural no tienen g\u00e9nero.<\/li>\n<li>Se da una alfabetizaci\u00f3n verde; conocer nuestro entorno implica cuidarlo.<\/li>\n<\/ul>\n<\/div>\n<\/div>\n<\/div>\n<\/div>\n<\/div>\n<\/div>\n<\/div>\n<\/div>\n<\/div>\n<\/section>\n<section id=\"h.6642371d03e3a179_11\" class=\"yaqOZd\">\n<div class=\"mYVXT\">\n<div class=\"LS81yb VICjCf\" tabindex=\"-1\">\n<div class=\"hJDwNd-AhqUyc-uQSCkd purZT-AhqUyc-II5mzb pSzOP-AhqUyc-qWD73c JNdkSc\">\n<div class=\"JNdkSc-SmKAyb\">\n<div class=\"\">\n<div class=\"oKdM2c Kzv0Me\">\n<div id=\"h.6642371d03e3a179_8\" class=\"hJDwNd-AhqUyc-uQSCkd jXK9ad D2fZ2 OjCsFc wHaque GNzUNc\">\n<div class=\"jXK9ad-SmKAyb\">\n<div class=\"tyJCtd mGzaTb baZpAe\">\n<div class=\"CjVfdc\">\n<h2>\u00bfPor qu\u00e9 Baso-eskola?<\/h2>\n<\/div>\n<p class=\"CDt4Ke zfr3Q\" dir=\"ltr\">Nuestros ni\u00f1os pasan cada vez menos tiempo en la calle y el tiempo que tienen para el juego libre tambi\u00e9n es limitado. Esto plantea varios problemas. Para hacer frente a esta preocupaci\u00f3n, se han empezado a desarrollar modelos educativos m\u00e1s verdes en muchos pa\u00edses y nosotros tambi\u00e9n hemos querido incorporar nuestras ofertas educativas.<\/p>\n<\/div>\n<\/div>\n<\/div>\n<\/div>\n<\/div>\n<\/div>\n<\/div>\n<\/div>\n<\/div>\n<\/section>\n<p>[\/et_pb_text][\/et_pb_column][\/et_pb_row][et_pb_row _builder_version=\u00bb4.17.4&#8243; _module_preset=\u00bbdefault\u00bb global_colors_info=\u00bb{}\u00bb][et_pb_column type=\u00bb4_4&#8243; _builder_version=\u00bb4.17.4&#8243; _module_preset=\u00bbdefault\u00bb global_colors_info=\u00bb{}\u00bb][et_pb_divider show_divider=\u00bboff\u00bb _builder_version=\u00bb4.17.4&#8243; _module_preset=\u00bbdefault\u00bb global_colors_info=\u00bb{}\u00bb][\/et_pb_divider][\/et_pb_column][\/et_pb_row][\/et_pb_section]<\/p>\n","protected":false},"excerpt":{"rendered":"<p>BASO-ESKOLA Estamos integrados en la red de baso-eskola que gestiona el Ekogune de Toki Alai; los ni\u00f1os juegan, investigan y estudian en el bosque que hay detr\u00e1s de la escuela de Arbes. \u00bfQu\u00e9 es Baso-eskola? El bosque se convierte en una herramienta para trabajar la independencia y la autoestima de los ni\u00f1os y ni\u00f1as y<a class=\"moretag\" href=\"https:\/\/tokialai.eus\/es\/ei\/arbes\/proyectos\/espacio-exterior\/baso-eskola\/\">Irakurri gehiago<\/a><\/p>\n","protected":false},"author":1,"featured_media":2204,"parent":2367,"menu_order":0,"comment_status":"closed","ping_status":"closed","template":"template-hh-fullwidth.php","meta":{"_et_pb_use_builder":"on","_et_pb_old_content":"","_et_gb_content_width":"","footnotes":""},"wf_page_folders":[20],"class_list":["post-2376","page","type-page","status-publish","has-post-thumbnail","hentry"],"_links":{"self":[{"href":"https:\/\/tokialai.eus\/es\/wp-json\/wp\/v2\/pages\/2376","targetHints":{"allow":["GET"]}}],"collection":[{"href":"https:\/\/tokialai.eus\/es\/wp-json\/wp\/v2\/pages"}],"about":[{"href":"https:\/\/tokialai.eus\/es\/wp-json\/wp\/v2\/types\/page"}],"author":[{"embeddable":true,"href":"https:\/\/tokialai.eus\/es\/wp-json\/wp\/v2\/users\/1"}],"replies":[{"embeddable":true,"href":"https:\/\/tokialai.eus\/es\/wp-json\/wp\/v2\/comments?post=2376"}],"version-history":[{"count":2,"href":"https:\/\/tokialai.eus\/es\/wp-json\/wp\/v2\/pages\/2376\/revisions"}],"predecessor-version":[{"id":2378,"href":"https:\/\/tokialai.eus\/es\/wp-json\/wp\/v2\/pages\/2376\/revisions\/2378"}],"up":[{"embeddable":true,"href":"https:\/\/tokialai.eus\/es\/wp-json\/wp\/v2\/pages\/2367"}],"wp:featuredmedia":[{"embeddable":true,"href":"https:\/\/tokialai.eus\/es\/wp-json\/wp\/v2\/media\/2204"}],"wp:attachment":[{"href":"https:\/\/tokialai.eus\/es\/wp-json\/wp\/v2\/media?parent=2376"}],"wp:term":[{"taxonomy":"wf_page_folders","embeddable":true,"href":"https:\/\/tokialai.eus\/es\/wp-json\/wp\/v2\/wf_page_folders?post=2376"}],"curies":[{"name":"wp","href":"https:\/\/api.w.org\/{rel}","templated":true}]}}

<p>[et_pb_section fb_built=»1&#8243; _builder_version=»4.16&#8243; custom_margin=»0px||||false|false» custom_padding=»0px||||false|false» locked=»off» global_colors_info=»{}»][et_pb_row _builder_version=»4.17.4&#8243; _module_preset=»default» global_colors_info=»{}»][et_pb_column type=»4_4&#8243; _builder_version=»4.17.4&#8243; _module_preset=»default» global_colors_info=»{}»][et_pb_divider show_divider=»off» _builder_version=»4.17.4&#8243; _module_preset=»default» global_colors_info=»{}»][/et_pb_divider][/et_pb_column][/et_pb_row][et_pb_row _builder_version=»4.16&#8243; global_colors_info=»{}»][et_pb_column type=»4_4&#8243; _builder_version=»4.16&#8243; global_colors_info=»{}»][et_pb_text _builder_version=»4.17.4&#8243; _module_preset=»default» header_2_text_color=»#38761d» global_colors_info=»{}»]</p>
<h2>BASO-ESKOLA</h2>
<p style="text-align: left;">Estamos integrados en la red de baso-eskola que gestiona el Ekogune de Toki Alai; los niños juegan, investigan y estudian en el bosque que hay detrás de la escuela de Arbes.</p>
<p>[/et_pb_text][/et_pb_column][/et_pb_row][et_pb_row column_structure=»1_2,1_2&#8243; _builder_version=»4.17.4&#8243; _module_preset=»default» global_colors_info=»{}»][et_pb_column type=»1_2&#8243; _builder_version=»4.17.4&#8243; _module_preset=»default» global_colors_info=»{}»][et_pb_text _builder_version=»4.17.4&#8243; _module_preset=»default» header_2_text_color=»#38761d» hover_enabled=»0&#8243; global_colors_info=»{}» sticky_enabled=»0&#8243;]</p>
<section id="h.6642371d03e3a179_3" class="yaqOZd">
<div class="mYVXT">
<div class="LS81yb VICjCf" tabindex="-1">
<div class="hJDwNd-AhqUyc-uQSCkd purZT-AhqUyc-II5mzb pSzOP-AhqUyc-qWD73c JNdkSc">
<div class="JNdkSc-SmKAyb">
<div class="">
<div class="oKdM2c Kzv0Me">
<div id="h.6642371d03e3a179_0" class="hJDwNd-AhqUyc-uQSCkd jXK9ad D2fZ2 OjCsFc wHaque GNzUNc">
<div class="jXK9ad-SmKAyb">
<div class="tyJCtd mGzaTb baZpAe">
<h2 class="CjVfdc">¿Qué es Baso-eskola?</h2>
<p class="CDt4Ke zfr3Q" dir="ltr">El bosque se convierte en una herramienta para trabajar la independencia y la autoestima de los niños y niñas y los contenidos que se trabajan son los integrados en el currículo. Además, la naturaleza también puede utilizarse para el aprendizaje de conceptos más abstractos, como las matemáticas, la comunicación o cómo no, el cuidado y el respeto de la naturaleza.</p>
</div>
</div>
</div>
</div>
</div>
</div>
</div>
</div>
</div>
</section>
<p>[/et_pb_text][/et_pb_column][et_pb_column type=»1_2&#8243; _builder_version=»4.17.4&#8243; _module_preset=»default» global_colors_info=»{}»][et_pb_video src=»https://tokialai.eus/wp-content/uploads/2022/06/Baso-Eskola_Arbes.mp4&#8243; module_class=»lwp-video-autoplay» _builder_version=»4.17.4&#8243; _module_preset=»default» border_width_all=»1px» border_color_all=»#a63476&#8243; global_colors_info=»{}»][/et_pb_video][/et_pb_column][/et_pb_row][et_pb_row column_structure=»1_2,1_2&#8243; _builder_version=»4.17.4&#8243; _module_preset=»default» global_colors_info=»{}»][et_pb_column type=»1_2&#8243; _builder_version=»4.17.4&#8243; _module_preset=»default» global_colors_info=»{}»][et_pb_image src=»https://tokialai.eus/wp-content/uploads/2022/06/Baso-eskola_mapa.jpg» alt=»Baso-eskola mapa» title_text=»Baso-eskola mapa» _builder_version=»4.17.4&#8243; _module_preset=»default» global_colors_info=»{}»][/et_pb_image][et_pb_text _builder_version=»4.17.4&#8243; _module_preset=»default» hover_enabled=»0&#8243; sticky_enabled=»0&#8243;]<em>* Fuente: <a href="https://ekogunea.eus/eu/ekogunea/baso-eskola/3-71/" target="_blank" rel="noopener">ekogunea.eus</a></em>[/et_pb_text][/et_pb_column][et_pb_column type=»1_2&#8243; _builder_version=»4.17.4&#8243; _module_preset=»default» global_colors_info=»{}»][et_pb_text _builder_version=»4.17.4&#8243; _module_preset=»default» header_2_text_color=»#38761d» global_colors_info=»{}»]</p>
<section id="h.6642371d03e3a179_7" class="yaqOZd">
<div class="mYVXT">
<div class="LS81yb VICjCf" tabindex="-1">
<div class="hJDwNd-AhqUyc-uQSCkd purZT-AhqUyc-II5mzb pSzOP-AhqUyc-qWD73c JNdkSc">
<div class="JNdkSc-SmKAyb">
<div class="">
<div class="oKdM2c Kzv0Me">
<div id="h.6642371d03e3a179_4" class="hJDwNd-AhqUyc-uQSCkd jXK9ad D2fZ2 OjCsFc wHaque GNzUNc">
<div class="jXK9ad-SmKAyb">
<div class="tyJCtd mGzaTb baZpAe">
<h2 class="CjVfdc">¿Cuáles son los beneficios de Baso-eskola?</h2>
<p>Los beneficios que ofrece el modelo de escuela forestal son muchos. Otros son:</p>
<p>Desarrollo de la lengua; se fomenta el diálogo a todos los niveles (alumnado, educador-alumno). Esta pedagogía de la escucha activa es básica para que los niños y niñas sean conscientes de sus intereses y virtudes mientras se da un desarrollo emocional e intelectual.</p>
<ul>
<li>Comienzan las necesidades físicas.</li>
<li>Beneficios físicos; los que une el movimiento con la presencia en el espacio natural.</li>
<li>Beneficios mentales y cognitivos: el modelo de escuela forestal tranquiliza la ansiedad, el estrés y otros problemas de los niños.</li>
<li>Se trabaja la creatividad.</li>
<li>Se promueve la igualdad porque los elementos del espacio natural no tienen género.</li>
<li>Se da una alfabetización verde; conocer nuestro entorno implica cuidarlo.</li>
</ul>
</div>
</div>
</div>
</div>
</div>
</div>
</div>
</div>
</div>
</section>
<section id="h.6642371d03e3a179_11" class="yaqOZd">
<div class="mYVXT">
<div class="LS81yb VICjCf" tabindex="-1">
<div class="hJDwNd-AhqUyc-uQSCkd purZT-AhqUyc-II5mzb pSzOP-AhqUyc-qWD73c JNdkSc">
<div class="JNdkSc-SmKAyb">
<div class="">
<div class="oKdM2c Kzv0Me">
<div id="h.6642371d03e3a179_8" class="hJDwNd-AhqUyc-uQSCkd jXK9ad D2fZ2 OjCsFc wHaque GNzUNc">
<div class="jXK9ad-SmKAyb">
<div class="tyJCtd mGzaTb baZpAe">
<div class="CjVfdc">
<h2>¿Por qué Baso-eskola?</h2>
</div>
<p class="CDt4Ke zfr3Q" dir="ltr">Nuestros niños pasan cada vez menos tiempo en la calle y el tiempo que tienen para el juego libre también es limitado. Esto plantea varios problemas. Para hacer frente a esta preocupación, se han empezado a desarrollar modelos educativos más verdes en muchos países y nosotros también hemos querido incorporar nuestras ofertas educativas.</p>
</div>
</div>
</div>
</div>
</div>
</div>
</div>
</div>
</div>
</section>
<p>[/et_pb_text][/et_pb_column][/et_pb_row][et_pb_row _builder_version=»4.17.4&#8243; _module_preset=»default» global_colors_info=»{}»][et_pb_column type=»4_4&#8243; _builder_version=»4.17.4&#8243; _module_preset=»default» global_colors_info=»{}»][et_pb_divider show_divider=»off» _builder_version=»4.17.4&#8243; _module_preset=»default» global_colors_info=»{}»][/et_pb_divider][/et_pb_column][/et_pb_row][/et_pb_section]</p>

<p>BASO-ESKOLA Estamos integrados en la red de baso-eskola que gestiona el Ekogune de Toki Alai; los niños juegan, investigan y estudian en el bosque que hay detrás de la escuela de Arbes. ¿Qué es Baso-eskola? El bosque se convierte en una herramienta para trabajar la independencia y la autoestima de los niños y niñas y<a class="moretag" href="https://tokialai.eus/es/ei/arbes/proyectos/espacio-exterior/baso-eskola/">Irakurri gehiago</a></p>
